the greatest common divisor of 6 and t.
6
Let j = 20 + -11. Suppose -3*d + 54 = -0*d. What is the highest common factor of j and d?
9
Suppose -5*z + 0 = -20. Suppose -3*c - 25 = -2*s, 31 + 9 = s + z*c. What is the highest common factor of s and 40?
20
Suppose 5*t - 94 - 181 = 0. Let h = t - 28. What is the greatest common factor of h and 81?
27
Suppose 46 = 5*d - 9. Suppose c - 4*g + 64 = 3*c, -15 = -3*g. What is the greatest common divisor of c and d?
11
Let z(o) be the first derivative of o**3/3 - 2*o**2 - 3*o - 7. Let q be z(7). What is the greatest common factor of 198 and q?
18
Let d = 0 - 0. Suppose 605 = 4*c + c - l, -c + 4*l + 140 = d. Calculate the highest common factor of c and 15.
15
Suppose 12*m = 5*m - 56. Let o(a) = 42*a. Let w(z) = 28*z. Let k(r) = -5*o(r) + 7*w(r). Let j be k(m). What is the highest common divisor of 14 and j?
14
Suppose 0 + 5 = 5*i. What is the greatest common factor of 5 and i?
1
Let s be (-1 + 1 - 0) + 231. Suppose -3*m - 4*j = -55, 0*m + 4*m = -j + 82. Calculate the greatest common factor of s and m.
21
Suppose 2*y + 0*g - 64 = -4*g, -2*y = -g - 54. What is the greatest common factor of y and 14?
14
Let f = 5 - 0. Suppose -3*c + c + 4*p = -28, f*c - 45 = 5*p. Suppose -7*l = -c*l - 51. What is the greatest common divisor of 136 and l?
17
Let g be 535/10 - (-1)/2. What is the highest common factor of g and 6?
6
Suppose -4 = 3*d - 16. Suppose -d*z + 30 - 2 = 0. Calculate the greatest common factor of z and 77.
7
Let c(l) = 5*l + l**2 + 2*l**2 - l**2 - 6*l. Let f be c(-2). Let w = 8 + -6. Calculate the greatest common divisor of f and w.
2
Let x = 38 + -2. Calculate the greatest common divisor of 12 and x.
12
Let w(d) = 2*d - 7. Let m be (-2 - (-8)/6)*-12. Let l be w(m). What is the greatest common divisor of 9 and l?
9
Let c = -51 + 101. Let g = -28 + c. What is the greatest common divisor of 242 and g?
22
Let t be (-34)/(-8) + (-2)/8. Suppose -19 = 3*o + 5. Let s be (-162)/o - 2/8. Calculate the highest common divisor of t and s.
4
Let s(f) = f**2 - 9*f - 7. Let u be s(14). Calculate the highest common factor of u and 441.
63
Let h(j) = -j**2 + 9*j - 3. Let w be h(7). Suppose -5*x + 0*x = -5. Let b = x - 0. Calculate the highest common divisor of b and w.
1
Suppose -42*g + 60 = -38*g. Calculate the highest common factor of g and 5.
5
Let f be 4/16*0 + 35. Calculate the highest common divisor of f and 5.
5
Suppose 16*s - 7*s - 180 = 0. What is the highest common divisor of 40 and s?
20
Let r(q) = 2*q**2 + 7*q - 1. Suppose 0 = -3*g - g - 20. Let x be r(g). Calculate the greatest common factor of x and 56.
14
Let a = -34 + 62. Let z = 169 + -99. What is the greatest common divisor of a and z?
14
Suppose 8*y - 4*y - 880 = 0. What is the highest common factor of y and 20?
20
Let j be ((-3)/9)/(2/(-48)). What is the highest common factor of 72 and j?
8
Let h = -9 - -15. Let y = 71 + -47. What is the highest common factor of y and h?
6
Suppose -2*t + t + 2 = 0. Let g be -2 - 0 - 7*6. Let p be (4 + t)*g/(-3). Calculate the highest common factor of p and 8.
8
Let i be 64/24*9/2. Calculate the highest common factor of i and 8.
4
Let l(r) = -r**3 - 8*r**2 - 3*r - 12. Suppose 5*h + 3 - 13 = 0. Suppose -h*c = 2*c + 32. Let y be l(c). What is the highest common divisor of 48 and y?
12
Let c(m) = m**3 + 8*m**2 + 4*m + 3. Let s = -19 + 12. Let n be c(s). Let j(r) = 8*r**2 + 3*r - 2. Let w be j(2). What is the greatest common divisor of w and n?
12
Let w = 38 + -25. Suppose 0 = -6*b + b - 140. Let p be -2 - (b + -1 - -1). Calculate the highest common divisor of w and p.
13
Let m(c) = c + 6. Let d be m(7). What is the greatest common factor of 39 and d?
13
Let j(r) = 2*r**2 + 10*r - 7. Let c be j(6). What is the greatest common factor of c and 25?
25
Let v = 75 + -54. Calculate the highest common divisor of v and 189.
21
Let c(r) = 6*r - 71. Let b be c(12). Let f = 0 - -1. Calculate the highest common divisor of b and f.
1
Suppose 0 = 4*i - 7 - 217. Let s = -239 - -379. Calculate the highest common factor of s and i.
28
Let j(u) = -1 + u + u - 1. Let o be j(-3). Let w = o - -17. What is the highest common factor of 1 and w?
1
Let a(h) = 1. Let q(j) = 2*j - 11. Let x(y) = -6*a(y) + q(y). Let l be x(9). What is the highest common factor of l and 10?
1
Let c(t) = -t**2 + 10*t - 4. Let f be c(8). Calculate the highest common divisor of f and 84.
12
Let z be ((-12)/(-16))/(3/12). Let a be ((-15)/10)/(2/(-4)). What is the greatest common divisor of z and a?
3
Let c(o) = o**2 + 5*o + 3. Let x be c(-5). Let w = -23 + 35. What is the greatest common factor of x and w?
3
Suppose -5*c + 106 = -z, -3*z = 4*c + 2*z - 79. What is the highest common divisor of c and 168?
21
Let p(o) = o**2 + 5*o - 6. Let y be p(-6). Suppose -3*t = v - y*t - 9, -27 = -3*v + 3*t. What is the highest common divisor of 9 and v?
9
Suppose -3*t + 203 = q, -q = 2*q - t - 629. Calculate the greatest common divisor of q and 19.
19
Suppose -c = -2*c - 3*o + 9, c = -4*o + 8. Suppose 4*k - c = 2*k. Calculate the highest common divisor of k and 30.
6
Suppose 6*l - 74 - 88 = 0. Let r(y) = -215*y + 1. Let u be r(-1). What is the highest common factor of u and l?
27
Suppose -2*q = 3*q - 10. Let l be 3/q - 255/(-6). Suppose 2*z = 6*z - l. What is the greatest common divisor of z and 55?
11
Suppose 0*n - 6*n = -330. What is the highest common divisor of 5 and n?
5
Let i = -3 - -4. Let g be (36 + 3)*3*i. Suppose g - 27 = 5*o. What is the greatest common factor of 6 and o?
6
Let s = -3 - -5. Let n(g) = 1 + 4*g + g**3 + 3 + 9*g**2 + s*g. Let q be n(-8). What is the greatest common divisor of q and 80?
20
Suppose -173 + 129 = -2*g. What is the highest common factor of 22 and g?
22
Let t = 51 + -35. Calculate the highest common divisor of t and 144.
16
Let t(b) = b + 1. Let l be t(2). Let m be l/(-7) + (-4752)/(-63). Let g = 3 + 12. What is the greatest common factor of g and m?
15
Suppose -58 = -4*b - 22. Calculate the greatest common divisor of b and 99.
9
Suppose -67 = -2*j + 5*k, -2*j + 2*k + 51 = -13. Let g = j + -19. What is the highest common divisor of 120 and g?
12
Let v(d) = -7*d + 31 + 6*d + 1. Suppose 3*f - 5*f = 0. Let j be v(f). Calculate the greatest common divisor of 48 and j.
16
Suppose 3*f + 2*x - 24 = 0, 2*f + x = 8 + 8. Calculate the greatest common factor of f and 200.
8
Let m be (1 + 0)/((-9)/(-279)) - -1. Calculate the greatest common divisor of 12 and m.
4
Let f be ((-4)/4)/(2/50)*-1. What is the greatest common factor of 50 and f?
25
Let c(g) = g**3 - 3*g**2 - 5*g + 6. Let q be c(4). Suppose 5*w = 4*s - 72, 0 = s + q*s - 2*w - 47. Calculate the greatest common factor of s and 65.
13
Suppose j - 5*j = 0. Let d = 7 + j. Suppose 0 = -a + b + 35, -4*a + 140 = -2*b - 0*b. What is the greatest common divisor of d and a?
7
Let y(h) = -h**3 + 18. Let p be y(0). Suppose 0 = 2*r - 4*r - 2*g + p, r = -4*g + 24. Suppose 1 = -r*n + 9. Calculate the highest common factor of 3 and n.
1
Let a(k) = -k**3 + 3*k**2 + 7. Let u be a(0). Calculate the highest common factor of 77 and u.
7
Suppose -729 = 3*u - 6*u. What is the greatest common factor of 27 and u?
27
Suppose -n + 5*b - 7 = 0, 0 = n + 5*b + 3 - 6. Let h be ((-92)/(-8))/((-1)/n). Let j = 53 + h. Calculate the greatest common factor of j and 19.
19
Suppose 44 = 5*t - n, 3*n + 5 = 8. Calculate the highest common factor of 36 and t.
9
Suppose 15 = 5*m - 5*q, -2*q = -7*m + 3*m + 12. Let u be 0 - 5/(-1) - -1. What is the highest common divisor of m and u?
3
Suppose 4*b - 3*x = 316, x + 171 = 4*b - 153. Let r be 34/255 + (-2 - (-823)/15). Let a = r + b. What is the greatest common divisor of a and 54?
27
Let i(g) = -g**3 - 2*g**2 + 2*g - 1. Let n be i(-5). Calculate the highest common divisor of 32 and n.
32
Let l be 3/2 + 6/(-4). Suppose l + 15 = n. Suppose 0 = -2*r + 6*r - 40. What is the highest common divisor of n and r?
5
Let k = 10 + 18. Let w = 1 - -6. What is the greatest common divisor of k and w?
7
Let f = 3 + 0. Suppose 220 = f*r - i - 0*i, 0 = -4*r + i + 295. Let u = r - 42. Calculate the greatest common divisor of u and 11.
11
Let m = 6 - 3. Suppose o - m*o = -2. Calculate the greatest common divisor of o and 1.
1
Let f be 0/(1 + 2/2). Suppose f = -3*w + 4*w - 5. Let c(t) = t**2 - 7. Let k be c(w). What i